{"id":5997,"date":"2024-03-01T20:30:56","date_gmt":"2024-03-01T19:30:56","guid":{"rendered":"https:\/\/vagabondecreation.fr\/?post_type=product&#038;p=5997"},"modified":"2024-04-08T23:46:07","modified_gmt":"2024-04-08T21:46:07","slug":"verseur-coeur-allonge","status":"publish","type":"product","link":"https:\/\/vagabondecreation.fr\/en\/product\/verseur-coeur-allonge\/","title":{"rendered":"VERSEUR C\u0152UR ALLONG\u00c9"},"content":{"rendered":"<p>La forme UNIQUE de ce petits verseurs en c\u00e9ramique en fait un objet de d\u00e9coration raffin\u00e9 pouvant \u00eatre utilis\u00e9 au quotidien. A vous de lui trouver l&#8217;utilisation parfaite dans vos journ\u00e9es.<\/p>\n<p>Verseur de couleur \u00ab BLANC VIEILLIT MAT \u00bb.<\/p>\n<p>Enti\u00e8rement fait, fa\u00e7onn\u00e9, \u00e9maill\u00e9 \u00e0 la main.<\/p>\n<p>Cr\u00e9\u00e9 au tour.<\/p>\n<p>Notez que chaque pi\u00e8ce est faite \u00e0 la main de mani\u00e8re unique et peut avoir de l\u00e9g\u00e8res variations et\/ou imperfections. Conception limit\u00e9e, unique en son genre. \u00c9tant fabriqu\u00e9es de fa\u00e7on artisanale, il peut donc y avoir de l\u00e9g\u00e8res variations en terme de dimensions et de couleur par rapport aux photos.<\/p>\n<p>Pour la r\u00e9alisation de ce verseur, j&#8217;ai utilis\u00e9 du gr\u00e8s blanc.<\/p>\n<p>Afin de prot\u00e9ger l\u2019\u00e9mail et de garder les couleurs sur vos pi\u00e8ces parfaites, il est recommand\u00e9 de laver mes pi\u00e8ces \u00e0 la main. Cependant celles ci passent au micro-onde, ainsi qu&#8217;au lave-vaisselle.<\/p>\n<p>Exp\u00e9dition dans le monde entier, demandez plus d\u2019informations sur les frais d\u2019exp\u00e9dition vers d\u2019autres pays que ceux indiqu\u00e9s lors du checkout.<\/p>\n<p>DIMENSIONS:<\/p>\n<p>\u25e6 HAUTEUR: 10\/12 cm<\/p>\n<p>\u25e6 \u2300: 6\/7 cm<\/p>\n<p>Pour en savoir plus, visitez ma page Instagram\u00a0<a href=\"https:\/\/www.instagram.com\/vagabonde.creation\/?hl=fr\">@vagabonde.creation<\/a>\u00a0.<\/p>","protected":false},"excerpt":{"rendered":"<p>Fait main.<br \/>\nGr\u00e8s blanc.<br \/>\n\u00c9mail BLANC VIEILLIT MAT en int\u00e9rieur &amp; en ext\u00e9rieur.<br \/>\nDimensions : \u00d8 6\/7 cm &#8211; h. 10\/12 cm<br \/>\nPoids : 250\/300 gr<\/p>\n<p>&nbsp;<\/p>","protected":false},"featured_media":6105,"comment_status":"open","ping_status":"closed","template":"","meta":{"_acf_changed":false,"_monsterinsights_skip_tracking":false,"_monsterinsights_sitenote_active":false,"_monsterinsights_sitenote_note":"","_monsterinsights_sitenote_category":0},"product_brand":[],"product_cat":[155,38],"product_tag":[],"class_list":{"0":"post-5997","1":"product","2":"type-product","3":"status-publish","4":"has-post-thumbnail","6":"product_cat-nouvelle-collection","7":"product_cat-poterie","9":"first","10":"outofstock","11":"taxable","12":"shipping-taxable","13":"purchasable","14":"product-type-simple"},"acf":[],"jetpack_sharing_enabled":true,"_links":{"self":[{"href":"https:\/\/vagabondecreation.fr\/en\/wp-json\/wp\/v2\/product\/5997","targetHints":{"allow":["GET"]}}],"collection":[{"href":"https:\/\/vagabondecreation.fr\/en\/wp-json\/wp\/v2\/product"}],"about":[{"href":"https:\/\/vagabondecreation.fr\/en\/wp-json\/wp\/v2\/types\/product"}],"replies":[{"embeddable":true,"href":"https:\/\/vagabondecreation.fr\/en\/wp-json\/wp\/v2\/comments?post=5997"}],"wp:featuredmedia":[{"embeddable":true,"href":"https:\/\/vagabondecreation.fr\/en\/wp-json\/wp\/v2\/media\/6105"}],"wp:attachment":[{"href":"https:\/\/vagabondecreation.fr\/en\/wp-json\/wp\/v2\/media?parent=5997"}],"wp:term":[{"taxonomy":"product_brand","embeddable":true,"href":"https:\/\/vagabondecreation.fr\/en\/wp-json\/wp\/v2\/product_brand?post=5997"},{"taxonomy":"product_cat","embeddable":true,"href":"https:\/\/vagabondecreation.fr\/en\/wp-json\/wp\/v2\/product_cat?post=5997"},{"taxonomy":"product_tag","embeddable":true,"href":"https:\/\/vagabondecreation.fr\/en\/wp-json\/wp\/v2\/product_tag?post=5997"}],"curies":[{"name":"wp","href":"https:\/\/api.w.org\/{rel}","templated":true}]}}

VERSEUR CŒUR ALLONGÉ

<p>La forme UNIQUE de ce petits verseurs en céramique en fait un objet de décoration raffiné pouvant être utilisé au quotidien. A vous de lui trouver l&#8217;utilisation parfaite dans vos journées.</p>
<p>Verseur de couleur « BLANC VIEILLIT MAT ».</p>
<p>Entièrement fait, façonné, émaillé à la main.</p>
<p>Créé au tour.</p>
<p>Notez que chaque pièce est faite à la main de manière unique et peut avoir de légères variations et/ou imperfections. Conception limitée, unique en son genre. Étant fabriquées de façon artisanale, il peut donc y avoir de légères variations en terme de dimensions et de couleur par rapport aux photos.</p>
<p>Pour la réalisation de ce verseur, j&#8217;ai utilisé du grès blanc.</p>
<p>Afin de protéger l’émail et de garder les couleurs sur vos pièces parfaites, il est recommandé de laver mes pièces à la main. Cependant celles ci passent au micro-onde, ainsi qu&#8217;au lave-vaisselle.</p>
<p>Expédition dans le monde entier, demandez plus d’informations sur les frais d’expédition vers d’autres pays que ceux indiqués lors du checkout.</p>
<p>DIMENSIONS:</p>
<p>◦ HAUTEUR: 10/12 cm</p>
<p>◦ ⌀: 6/7 cm</p>
<p>Pour en savoir plus, visitez ma page Instagram <a href="https://www.instagram.com/vagabonde.creation/?hl=fr">@vagabonde.creation</a> .</p>

<p>Fait main.<br />
Grès blanc.<br />
Émail BLANC VIEILLIT MAT en intérieur &amp; en extérieur.<br />
Dimensions : Ø 6/7 cm &#8211; h. 10/12 cm<br />
Poids : 250/300 gr</p>
<p>&nbsp;</p>
